{"id":151837,"date":"2025-10-17T14:54:15","date_gmt":"2025-10-17T17:54:15","guid":{"rendered":"https:\/\/tienda.aeropuertosargentina.com\/aeroparque\/?post_type=product&#038;p=151837"},"modified":"2026-05-11T00:00:17","modified_gmt":"2026-05-11T03:00:17","slug":"adaptador-universal-25off","status":"publish","type":"product","link":"https:\/\/tienda.aeropuertosargentina.com\/aeroparque\/producto\/adaptador-universal-25off\/","title":{"rendered":"Adaptador Universal de Viaje All-in-One"},"content":{"rendered":"","protected":false},"excerpt":{"rendered":"<div style=\"background-color: #f2f4f5;padding: 20px;border-radius: 6px;font-family: Arial, Helvetica, sans-serif;color: #000;max-width: 700px\">\n<h4 style=\"font-size: 18px;font-weight: bold;margin: 0 0 5px 0\">\ud83d\udd25HOT SALE\ud83d\udd25<\/h4>\n<p style=\"margin: 0 0 0 0;font-size: 16px;line-height: 1.2;color: #2c8c95\"><strong>25% OFF<\/strong> EXTRA YA APLICADO EN EL PRECIO DEL PRODUCTO<\/p>\n<\/div>\n<h2><strong>Adaptador Universal de Viaje \u2013 25% OFF<\/strong><\/h2>\n<p><strong>Conectate en cualquier parte del mundo.<\/strong><\/p>\n<p>Aprovech\u00e1 un <strong>25% de descuento<\/strong> en el <strong>adaptador universal de viaje<\/strong> y manten\u00e9 tus dispositivos cargados donde est\u00e9s. Ideal para viajeros frecuentes.<\/p>\n<h3><strong>Beneficios <\/strong><\/h3>\n<ul>\n<li><strong>Dise\u00f1o compacto:<\/strong> liviano y f\u00e1cil de transportar en cualquier equipaje de mano.<\/li>\n<li><strong>Conectividad m\u00faltiple:<\/strong> incluye puertos USB para cargar varios dispositivos al mismo tiempo.<\/li>\n<\/ul>\n<h3><strong>Informaci\u00f3n <\/strong><\/h3>\n<ul>\n<li>Present\u00e1 el mail de confirmaci\u00f3n de compra en los puntos de Tripstore ubicados en planta baja, \u00e1rea de check-in.<\/li>\n<\/ul>\n<p><strong>Realiz\u00e1 tu compra online y viaj\u00e1 siempre conectado.<\/strong><\/p>\n","protected":false},"featured_media":184385,"template":"","meta":{"_acf_changed":false,"_iconic_wsb_product_page_order_bump_ids":[[]],"_sku":[],"_iconic_wsb_product_page_bump_modal_ids":[[]]},"product_brand":[],"product_cat":[319],"product_tag":[],"class_list":{"0":"post-151837","1":"product","2":"type-product","3":"status-publish","4":"has-post-thumbnail","6":"product_cat-accesorios","7":"description-off","9":"first","10":"instock","11":"sale","12":"virtual","13":"purchasable","14":"product-type-simple"},"acf":[],"_links":{"self":[{"href":"https:\/\/tienda.aeropuertosargentina.com\/aeroparque\/wp-json\/wp\/v2\/product\/151837","targetHints":{"allow":["GET"]}}],"collection":[{"href":"https:\/\/tienda.aeropuertosargentina.com\/aeroparque\/wp-json\/wp\/v2\/product"}],"about":[{"href":"https:\/\/tienda.aeropuertosargentina.com\/aeroparque\/wp-json\/wp\/v2\/types\/product"}],"wp:featuredmedia":[{"embeddable":true,"href":"https:\/\/tienda.aeropuertosargentina.com\/aeroparque\/wp-json\/wp\/v2\/media\/184385"}],"wp:attachment":[{"href":"https:\/\/tienda.aeropuertosargentina.com\/aeroparque\/wp-json\/wp\/v2\/media?parent=151837"}],"wp:term":[{"taxonomy":"product_brand","embeddable":true,"href":"https:\/\/tienda.aeropuertosargentina.com\/aeroparque\/wp-json\/wp\/v2\/product_brand?post=151837"},{"taxonomy":"product_cat","embeddable":true,"href":"https:\/\/tienda.aeropuertosargentina.com\/aeroparque\/wp-json\/wp\/v2\/product_cat?post=151837"},{"taxonomy":"product_tag","embeddable":true,"href":"https:\/\/tienda.aeropuertosargentina.com\/aeroparque\/wp-json\/wp\/v2\/product_tag?post=151837"}],"curies":[{"name":"wp","href":"https:\/\/api.w.org\/{rel}","templated":true}]}}