{"id":64030,"date":"2024-10-12T14:08:35","date_gmt":"2024-10-12T17:08:35","guid":{"rendered":"https:\/\/tienda.aeropuertosargentina.com\/bariloche\/terminos-y-condiciones-2\/"},"modified":"2026-05-10T23:38:22","modified_gmt":"2026-05-11T02:38:22","slug":"terminos-y-condiciones","status":"publish","type":"page","link":"https:\/\/tienda.aeropuertosargentina.com\/bariloche\/terminos-y-condiciones\/","title":{"rendered":"T\u00e9rminos y Condiciones"},"content":{"rendered":"\t\t<div data-elementor-type=\"wp-page\" data-elementor-id=\"64030\" class=\"elementor elementor-64030\" data-elementor-post-type=\"page\">\n\t\t\t\t<div class=\"elementor-element elementor-element-11c50d9f e-flex e-con-boxed e-con e-parent\" data-id=\"11c50d9f\" data-element_type=\"container\" data-e-type=\"container\">\n\t\t\t\t\t<div class=\"e-con-inner\">\n\t\t\t\t<div class=\"elementor-element elementor-element-39faa4cc elementor-widget elementor-widget-heading\" data-id=\"39faa4cc\" data-element_type=\"widget\" data-e-type=\"widget\" data-widget_type=\"heading.default\">\n\t\t\t\t<div class=\"elementor-widget-container\">\n\t\t\t\t\t<h2 class=\"elementor-heading-title elementor-size-default\">T\u00e9rminos y Condiciones<\/h2>\t\t\t\t<\/div>\n\t\t\t\t<\/div>\n\t\t\t\t\t<\/div>\n\t\t\t\t<\/div>\n\t\t<div class=\"elementor-element elementor-element-19ab92c5 e-flex e-con-boxed e-con e-parent\" data-id=\"19ab92c5\" data-element_type=\"container\" data-e-type=\"container\">\n\t\t\t\t\t<div class=\"e-con-inner\">\n\t\t\t\t<div class=\"elementor-element elementor-element-54f6afb0 elementor-widget elementor-widget-toggle\" data-id=\"54f6afb0\" data-element_type=\"widget\" data-e-type=\"widget\" data-widget_type=\"toggle.default\">\n\t\t\t\t<div class=\"elementor-widget-container\">\n\t\t\t\t\t\t\t<div class=\"elementor-toggle\">\n\t\t\t\t\t\t\t<div class=\"elementor-toggle-item\">\n\t\t\t\t\t<div id=\"elementor-tab-title-1421\" class=\"elementor-tab-title\" data-tab=\"1\" role=\"button\" aria-controls=\"elementor-tab-content-1421\" aria-expanded=\"false\">\n\t\t\t\t\t\t\t\t\t\t\t\t<span class=\"elementor-toggle-icon elementor-toggle-icon-left\" aria-hidden=\"true\">\n\t\t\t\t\t\t\t\t\t\t\t\t\t\t\t<span class=\"elementor-toggle-icon-closed\"><i class=\"fas fa-caret-right\"><\/i><\/span>\n\t\t\t\t\t\t\t\t<span class=\"elementor-toggle-icon-opened\"><i class=\"elementor-toggle-icon-opened fas fa-caret-up\"><\/i><\/span>\n\t\t\t\t\t\t\t\t\t\t\t\t\t<\/span>\n\t\t\t\t\t\t\t\t\t\t\t\t<a class=\"elementor-toggle-title\" tabindex=\"0\">Generales<\/a>\n\t\t\t\t\t<\/div>\n\n\t\t\t\t\t<div id=\"elementor-tab-content-1421\" class=\"elementor-tab-content elementor-clearfix\" data-tab=\"1\" role=\"region\" aria-labelledby=\"elementor-tab-title-1421\"><p style=\"text-align: left\">Los t\u00e9rminos y condiciones (en adelante los \u201cT\u00e9rminos y Condiciones\u201d) que se expresan a continuaci\u00f3n, rigen el acceso y uso que el Usuario le d\u00e9 a la Web de la tienda online de\u00a0Aeropuertos Argentina 2000 S.A. (en adelante \u201cWeb\u201d). <strong>Cualquier persona que no acepte estos t\u00e9rminos y condiciones generales, los cuales tienen un car\u00e1cter obligatorio y vinculante, <\/strong><strong>deber\u00e1 abstenerse de utilizar el sitio y\/o los servicios.<br \/><\/strong><br \/>El Usuario debe leer, entender y aceptar todas las condiciones establecidas en los T\u00e9rminos y Condiciones, previo a su registraci\u00f3n como Usuario del Sitio, optando de forma expresa por\u00a0recibir los mismos y toda otra informaci\u00f3n por medios digitales.<\/p><p>Los Servicios s\u00f3lo est\u00e1n disponibles para personas que tengan capacidad legal para contratar. <br \/>No podr\u00e1n utilizar los servicios las personas que no tengan esa capacidad, los menores de edad o Usuarios de la Web que hayan sido suspendidos temporalmente o inhabilitados\u00a0definitivamente.<\/p><p>Aeropuertos Argentina 2000 S.A. (en adelante \u201cAA2000\u201d) se reserva todos los derechos de\u00a0Propiedad Intelectual de la Web entre ellos, pero sin limitaci\u00f3n, relativos a la marca, derechos\u00a0de autor, patente, actual o futura y dem\u00e1s derechos sobre los servicios prestados a trav\u00e9s de la misma.<\/p><p>En virtud de ello, est\u00e1 expresamente prohibido realizar cualquier modificaci\u00f3n, reproducci\u00f3n,\u00a0publicaci\u00f3n, transmisi\u00f3n a terceros y uso o explotaci\u00f3n de la propiedad protegida, sin el\u00a0consentimiento previo y por escrito de AA2000. Asimismo, cualquier tentativa o actividad\u00a0violatoria del software o sus aplicaciones, o contraria a las leyes sobre derecho de propiedad\u00a0intelectual de la Rep\u00fablica de Argentina y a las prohibiciones estipuladas en estos T\u00e9rminos y\u00a0Condiciones, har\u00e1n pasible a su responsable de las acciones legales pertinentes y de indemnizar los da\u00f1os y perjuicios ocasionados.<\/p><p>AA2000 se deslinda de toda responsabilidad por cualquier desperfecto, interrupci\u00f3n o <br \/>indisponibilidad de la Web por cualquier causa. Los trabajos de mantenimiento, la continuaci\u00f3n del desarrollo u otras molestias pueden limitar o parcialmente interrumpir las posibilidades de uso de la Web. AA2000 no asume por ello garant\u00eda alguna sobre la disponibilidad de los servicios, la operatividad de la Web o la ausencia de molestias t\u00e9cnicas en la misma.<br \/>AA2000 se reserva el derecho de modificar la Web en cualquier momento, a su solo criterio, sin previa autorizaci\u00f3n de ning\u00fan usuario.<\/p><p><strong>SERVICIOS, PRODUCTOS E INFORMACI\u00d3N BRINDADA POR TERCEROS.<\/strong><br \/>Es obligatorio completar el formulario de registraci\u00f3n en todos sus campos con datos v\u00e1lidos\u00a0para poder utilizar los servicios que brinda la Web. El futuro Usuario deber\u00e1 completarlo con su informaci\u00f3n personal de manera exacta, precisa y verdadera (&#8220;Datos Personales&#8221;) y asume el compromiso de actualizar los Datos Personales conforme resulte necesario. El Usuario presta expresa conformidad con que AA2000 utilice diversos medios para identificar sus datos personales, asumiendo el Usuario la obligaci\u00f3n de revisarlos y mantenerlos actualizados.<\/p><p>AA2000 no es responsable por los servicios, productos o informaci\u00f3n brindada por terceros cuyo acceso se realice a trav\u00e9s de la Web, que tendr\u00e1n sus propias declaraciones de privacidad, avisos y t\u00e9rminos de uso. AA2000 no es responsable por la calidad y disponibilidad de los mismos ni de la veracidad de la informaci\u00f3n brindada por dichos terceros.<\/p><p>AA2000 se reserva el derecho de modificar en cualquier momento, los presentes T\u00e9rminos y\u00a0Condiciones que podr\u00e1n ser consultados en cualquier momento en la Web, a efectos de conocer la versi\u00f3n vigente.<br \/>El uso de la Web implica la aceptaci\u00f3n de los T\u00e9rminos y Condiciones vigentes.<\/p><p><strong>RECLAMOS<\/strong><br \/>Todo usuario podr\u00e1 realizar cualquier comentario, consulta o queja o ejercer sus derechos de\u00a0acceso, revisi\u00f3n, actualizaci\u00f3n, suspensi\u00f3n, cancelaci\u00f3n o rectificaci\u00f3n, respecto de los datos\u00a0brindados en cualquier momento a trav\u00e9s de cualquiera de los siguientes medios de contacto: <br \/>https:\/\/www.aa2000.com.ar\/Contacto. Cualquier procedimiento iniciado de esta forma no\u00a0tendr\u00e1 valor de resoluci\u00f3n sin la debida respuesta de AA2000.<\/p><p><strong>POL\u00cdTICA DE CONFIDENCIALIDAD.<\/strong><br \/>De acuerdo a lo establecido por el art\u00edculo 14, inciso 3 de la Ley N\u00ba 25.326 \u201cProtecci\u00f3n de los\u00a0Datos Personales\u201d, los datos personales tendr\u00e1n un alto nivel de protecci\u00f3n, y deben tomarse\u00a0todas las medidas de seguridad necesarias para evitar que los mismos sean adulterados, se\u00a0extrav\u00eden o tengan un tratamiento o acceso no autorizado por parte de terceros.<\/p><p>La Web puede ser instalada y utilizada sin proporcionar dato personal alguno a AA2000. No obstante, en caso que el usuario desee aportar alguno de sus datos para el uso de los servicios ofrecidos on-line, sus datos ser\u00e1n utilizados de acuerdo a la normativa legal vigente en la Rep\u00fablica Argentina conforme lo expuesto precedentemente.<\/p><p>Los datos ser\u00e1n brindados por el usuario de la Web a AA2000, con el objetivo de, una vez\u00a0procesados los datos, brindar informaci\u00f3n, soluciones y servicios personalizados al usuario. Los datos no ser\u00e1n vendidos, cedidos, transmitidos a ninguna instituci\u00f3n, empresa, medio de\u00a0comunicaci\u00f3n o tercero, ni ofrecidos p\u00fablicamente sin el consentimiento del usuario, que no tenga por finalidad el cumplimiento de los servicios ofrecidos en la Web.<\/p><p>Sin perjuicio de las medidas de seguridad a adoptar por AA2000, el usuario declara conocer y aceptar todos los riesgos que terceros no autorizados accedan a la informaci\u00f3n aportada por el usuario a la Web o que circule en Internet para posibilitar la prestaci\u00f3n de los servicios\u00a0propuestos en la Web, por lo cual el usuario exonera a AA2000 de todo tipo de responsabilidad en tal sentido.<br \/>AA2000 podr\u00e1 revelar los datos del usuario que haya obtenido a trav\u00e9s de la Web en caso de\u00a0exig\u00edrsele a trav\u00e9s de una orden judicial o administrativa de \u00f3rgano con facultades suficientes para exigirlo.<\/p><p><strong>DOMICILIO<\/strong><br \/>El responsable de la base de datos es Aeropuertos Argentina 2000, CUIT 30-69617058-0, con domicilio en la calle Honduras 5663, Ciudad aut\u00f3noma de Buenos Aires, Rep\u00fablica Argentina.<\/p><p><strong><span style=\"color: var( --e-global-color-text );font-size: var( --e-global-typography-text-font-size );letter-spacing: var(--the7-base-letter-spacing);text-transform: var(--the7-base-text-transform)\">RETRACTACI\u00d3N<\/span><\/strong><\/p><p style=\"text-align: left\">A todo evento, se estipula que el Usuario podr\u00e1 revocar la aceptaci\u00f3n durante el plazo de DIEZ (10) d\u00edas corridos contados a partir de la fecha en que se entregue el bien o que se perfeccione la compra, lo que sea posterior, sin responsabilidad alguna. El Usuario debe poner el bien a disposici\u00f3n del vendedor seleccionado y los gastos de devoluci\u00f3n son por cuenta de este \u00faltimo. <br \/>Dicha retractaci\u00f3n ser\u00e1 aceptada siempre que el Usuario no haya hecho uso del bien y este se encuentre en la misma situaci\u00f3n en que fue entregado.<\/p><p><strong>NOTIFICACIONES<\/strong><br \/>Ser\u00e1n v\u00e1lidas y el Usuario acepta expresamente que todas las notificaciones realizadas a los Usuarios sean dirigidas (i) a la direcci\u00f3n de correo electr\u00f3nico principal registrada por \u00e9stos\u00a0(domicilio especial electr\u00f3nico), y\/o (ii) a la Cuenta del Usuario.<\/p><p><strong>PROHIBICIONES<\/strong><br \/>Los compradores no podr\u00e1n:<br \/>1. Iniciar reclamos en nombre, representaci\u00f3n y\/o por cuenta de terceros;<br \/>2. Iniciar reclamos basados en hechos o situaciones falsas y\/o fraudulentas;<br \/>3. Incurrir, a criterio de AA2000, en conductas o actos dolosos o fraudulentos, y<br \/>4. Actuar en connivencia con otras personas o usuarios a efectos de perjudicar a AA2000. <br \/>Este tipo de conducta ser\u00e1 analizada por AA2000 y el infractor no solo no podr\u00e1 aplicar a Compra Protegida, sino que podr\u00e1 ser sancionado con la suspensi\u00f3n o cancelaci\u00f3n de su cuenta en los sitios de Arauco.<\/p><p><strong>LEY APLICABLE<\/strong><br \/>Estos t\u00e9rminos y condiciones y la pol\u00edtica de confidencialidad estar\u00e1n regidos en todos sus\u00a0puntos por las leyes vigentes en la Rep\u00fablica Argentina. Cualquier controversia derivada de los presentes t\u00e9rminos y condiciones, su existencia, validez, interpretaci\u00f3n, alcance o\u00a0cumplimiento, ser\u00e1 sometida a los Juzgados competentes de la ciudad aut\u00f3noma de Buenos\u00a0Aires, Rep\u00fablica Argentina.<\/p><\/div>\n\t\t\t\t<\/div>\n\t\t\t\t\t\t\t<div class=\"elementor-toggle-item\">\n\t\t\t\t\t<div id=\"elementor-tab-title-1422\" class=\"elementor-tab-title\" data-tab=\"2\" role=\"button\" aria-controls=\"elementor-tab-content-1422\" aria-expanded=\"false\">\n\t\t\t\t\t\t\t\t\t\t\t\t<span class=\"elementor-toggle-icon elementor-toggle-icon-left\" aria-hidden=\"true\">\n\t\t\t\t\t\t\t\t\t\t\t\t\t\t\t<span class=\"elementor-toggle-icon-closed\"><i class=\"fas fa-caret-right\"><\/i><\/span>\n\t\t\t\t\t\t\t\t<span class=\"elementor-toggle-icon-opened\"><i class=\"elementor-toggle-icon-opened fas fa-caret-up\"><\/i><\/span>\n\t\t\t\t\t\t\t\t\t\t\t\t\t<\/span>\n\t\t\t\t\t\t\t\t\t\t\t\t<a class=\"elementor-toggle-title\" tabindex=\"0\">Hot Sale 2026<\/a>\n\t\t\t\t\t<\/div>\n\n\t\t\t\t\t<div id=\"elementor-tab-content-1422\" class=\"elementor-tab-content elementor-clearfix\" data-tab=\"2\" role=\"region\" aria-labelledby=\"elementor-tab-title-1422\"><p class=\"s3\"><span class=\"s2\">T\u00c9RMINOS Y CONDICIONES \u2013 HOTSALE 2026<\/span><\/p><p class=\"s4\"><span class=\"s2\">1. Organizador<\/span><\/p><p class=\"s4\"><span class=\"s5\">El presente evento denominado \u201cHotsale 2026\u201d (en adelante, el \u201cEvento\u201d) es organizado por Aeropuertos Argentina 2000 S.A. (en adelante, \u201c<\/span><span class=\"s5\">AEROPUERTOS ARGENTINAAEROPUERTOS<\/span><span class=\"s5\">\u201d), con domicilio en Honduras 5663 de la Ciudad Aut\u00f3noma de Buenos Aires.<\/span><\/p><p class=\"s4\"><span class=\"s2\">2. Vigencia<\/span><\/p><p class=\"s4\"><span class=\"s5\">El Evento se llevar\u00e1 a cabo del 11 al 13 de mayo, inclusive, pudiendo extenderse como \u201cHotsale\u201d hasta el 17 de mayo de 2026, inclusive<\/span><span class=\"s5\"> lo cual ser\u00e1 anunciado por AEROPUERTOS ARGENTINA en sus canales oficiales.<\/span><\/p><p class=\"s4\"><span class=\"s2\">3. Alcance<\/span><\/p><p class=\"s4\"><span class=\"s5\">Durante el per\u00edodo de vigencia, los usuarios que accedan a la Tienda Online de <\/span><span class=\"s5\">AEROPUERTOS ARGENTINA<\/span><span class=\"s5\"> podr\u00e1n disfrutar de descuentos, promociones y beneficios exclusivos en determinados productos y\/o servicios disponibles en los <\/span><a name=\"_GoBack\"><\/a><span class=\"s5\">aeropuertos participantes.<\/span><\/p><p class=\"s4\"><span class=\"s5\">La participaci\u00f3n en el Evento implica la aceptaci\u00f3n plena de estos T\u00e9rminos y Condiciones y de las condiciones particulares que rijan cada producto o servicio.<\/span><\/p><p class=\"s7\"><span class=\"s6\">4. Naturaleza de la Plataforma \u2013 Intermediaci\u00f3n<\/span><\/p><p class=\"s7\"><span class=\"s8\">AEROPUERTOS ARGENTINA<\/span><span class=\"s8\"> act\u00faa exclusivamente como intermediario tecnol\u00f3gico, facilitando la exhibici\u00f3n y comercializaci\u00f3n de productos y servicios de terceros proveedores.<\/span><span class=\"s8\"><br \/><\/span><span class=\"s6\">5. Invitaci\u00f3n a ofertar \u2013 No oferta vinculante<\/span><\/p><p class=\"s7\"><span class=\"s8\">La publicaci\u00f3n de productos y\/o servicios en la Plataforma constituye una invitaci\u00f3n a ofertar por parte de los usuarios y no una oferta vinculante por parte de <\/span><span class=\"s8\">AEROPUERTOS ARGENTINA<\/span><span class=\"s8\"> ni de los proveedores.<\/span><span class=\"s8\"><br \/><\/span><span class=\"s8\">La operaci\u00f3n quedar\u00e1 perfeccionada \u00fanicamente una vez que:<\/span><span class=\"s8\"><br \/><\/span><span class=\"s8\">a) el proveedor acepte la transacci\u00f3n; y<\/span><span class=\"s8\"><br \/><\/span><span class=\"s8\">b) se verifique el pago correspondiente.<\/span><\/p><p class=\"s7\"><span class=\"s8\">AEROPUERTOS ARGENTINA<\/span><span class=\"s8\"> y\/o el proveedor podr\u00e1n rechazar operaciones sin expresi\u00f3n de causa, en la medida permitida por la normativa aplicable.<\/span><\/p><p class=\"s7\"><span class=\"s6\">6. Stock y disponibilidad<\/span><\/p><p class=\"s7\"><span class=\"s8\">Las promociones se encuentran sujetas a disponibilidad y stock limitado.<\/span><span class=\"s8\"><br \/><\/span><span class=\"s8\">La falta de disponibilidad, errores de inventario o imposibilidad de cumplimiento habilitar\u00e1n la cancelaci\u00f3n de la operaci\u00f3n con el correspondiente reintegro, sin derecho a indemnizaci\u00f3n adicional.<\/span><\/p><p class=\"s7\"><span class=\"s6\">7. Precios, errores y contingencias t\u00e9cnicas<\/span><\/p><p class=\"s7\"><span class=\"s8\">Los precios publicados podr\u00e1n contener descuentos promocionales y tendr\u00e1n vigencia durante el Evento o hasta agotar stock.<\/span><\/p><p class=\"s7\"><span class=\"s8\">En caso de errores evidentes o manifiestos en precios, descripciones o condiciones (incluyendo errores tipogr\u00e1ficos, t\u00e9cnicos o sist\u00e9micos), <\/span><span class=\"s8\">AEROPUERTOS ARGENTINA<\/span><span class=\"s8\"> y\/o el proveedor podr\u00e1n:<\/span><\/p><div class=\"s10\"><span class=\"s9\">\u2022 <\/span><span class=\"s8\">dejar sin efecto la operaci\u00f3n; y <\/span><\/div><div class=\"s10\"><span class=\"s9\">\u2022 <\/span><span class=\"s8\">reintegrar los importes abonados <\/span><\/div><p class=\"s7\"><span class=\"s8\">sin que ello genere derecho a compensaci\u00f3n adicional, en la medida permitida por la normativa de defensa del consumidor<\/span><\/p><p class=\"s7\"><span class=\"s8\">8. <\/span><span class=\"s6\">Medios de pago, validaci\u00f3n y facturaci\u00f3n<\/span><\/p><p class=\"s7\"><span class=\"s8\">Las operaciones estar\u00e1n sujetas a la validaci\u00f3n de la entidad de pago correspondiente.<\/span><span class=\"s8\"><br \/><\/span><span class=\"s8\">A<\/span><span class=\"s8\">EROPUERTOS ARGENTINA<\/span><span class=\"s8\"> y\/o el proveedor podr\u00e1n rechazar, anular o cancelar transacciones ante:<\/span><\/p><div class=\"s10\"><span class=\"s9\">\u2022 <\/span><span class=\"s8\">sospechas de fraude <\/span><\/div><div class=\"s10\"><span class=\"s9\">\u2022 <\/span><span class=\"s8\">inconsistencias en los datos provistos <\/span><\/div><div class=\"s10\"><span class=\"s9\">\u2022 <\/span><span class=\"s8\">operaciones inusuales o no autorizadas <\/span><\/div><p class=\"s7\"><span class=\"s8\">El usuario es responsable por la veracidad de la informaci\u00f3n suministrada.<\/span><\/p><p class=\"s7\"><span class=\"s8\">La facturaci\u00f3n de los productos o servicios ser\u00e1 realizada por el proveedor correspondiente, quien ser\u00e1 el \u00fanico responsable del cumplimiento de las obligaciones fiscales derivadas de la operaci\u00f3n.<\/span><\/p><p class=\"s4\"><span class=\"s2\">9<\/span><span class=\"s5\">. <\/span><span class=\"s2\">Condiciones de cada producto o servicio<\/span><\/p><p class=\"s4\"><span class=\"s5\">Cada producto o servicio incluido en la acci\u00f3n promocional contar\u00e1 con t\u00e9rminos y condiciones espec\u00edficos, donde se detallar\u00e1n las condiciones de compra, canje, uso, vigencia y restricciones aplicables.<\/span><\/p><p class=\"s4\"><span class=\"s5\">El usuario declara conocer y aceptar dichas condiciones al momento de efectuar la compra o reserva.<\/span><span class=\"s2\">10<\/span><span class=\"s5\">.<\/span><span class=\"s2\"> Plazo de canje o utilizaci\u00f3n<\/span><\/p><p class=\"s4\"><span class=\"s5\">El plazo de canje o utilizaci\u00f3n de los productos o servicios adquiridos ser\u00e1 el que se indique en los t\u00e9rminos individuales correspondientes.<\/span><\/p><p class=\"s4\"><span class=\"s5\">Una vez vencido dicho plazo, el beneficio caducar\u00e1 autom\u00e1ticamente, sin derecho a reclamo o reembolso alguno.<\/span><\/p><p class=\"s4\"><span class=\"s2\">11<\/span><span class=\"s5\">. <\/span><span class=\"s2\">Devoluciones<\/span><span class=\"s2\">, cambios<\/span><span class=\"s2\"> y reclamos<\/span><\/p><p class=\"s4\"><span class=\"s5\">Las devoluciones, cambios o reclamos vinculados a los productos o servicios adquiridos durante el Evento ser\u00e1n gestionadas directamente por la marca o proveedor que los ofrezca, conforme sus respectivas pol\u00edticas de devoluciones y garant\u00edas. <\/span><span class=\"s5\">AEROPUERTOS ARGENTINA<\/span><span class=\"s5\"> no interviene ni asume responsabilidad por dichos procesos ni por los eventuales incumplimientos de terceros proveedores.<\/span><\/p><p class=\"s4\"><span class=\"s2\">12<\/span><span class=\"s2\">. <\/span><span class=\"s2\">Limitaci\u00f3n de responsabilidad<\/span><\/p><p class=\"s4\"><span class=\"s5\">AEROPUERTOS ARGENTIN<\/span><span class=\"s5\"> no ser\u00e1 responsable por la disponibilidad, calidad, cumplimiento o entrega de los productos o servicios ofrecidos por terceros dentro de la Tienda Online. Su rol se limita estrictamente a la intermediaci\u00f3n tecnol\u00f3gica para facilitar la comercializaci\u00f3n entre usuarios y proveedores.<\/span><\/p><p class=\"s4\"><span class=\"s2\">13<\/span><span class=\"s2\">. Modificaciones<\/span><span class=\"s2\"> y cancelaci\u00f3n del Evento<\/span><\/p><p class=\"s4\"><span class=\"s5\">AEROPUERTOS ARGENTINA<\/span><span class=\"s5\"> se reserva el derecho de modificar, ampliar o suspender el presente Evento, total o parcialmente, en cualquier momento y sin previo aviso.<\/span><\/p><p class=\"s4\"><span class=\"s5\">Cualquier modificaci\u00f3n ser\u00e1 informada a trav\u00e9s de los canales oficiales de comunicaci\u00f3n de <\/span><span class=\"s5\">AEROPUERTOS ARGENTINA<\/span><span class=\"s5\">.<\/span><\/p><p class=\"s7\"><span class=\"s6\">14. Derecho de arrepentimiento<\/span><\/p><p class=\"s7\"><span class=\"s8\">Cuando corresponda, el usuario podr\u00e1 ejercer el derecho de arrepentimiento dentro del plazo legal, conforme los mecanismos previstos por la normativa vigente y los canales informados.<\/span><\/p><p><span class=\"s6\">1<\/span><span class=\"s6\">5<\/span><span class=\"s6\">. Conductas prohibidas<\/span><\/p><p><span class=\"s8\">Se proh\u00edbe a los usuarios:<\/span><\/p><div class=\"s11\"><span class=\"s9\">\u2022 <\/span><span class=\"s8\">realizar compras con fines especulativos o fraudulentos <\/span><\/div><div class=\"s11\"><span class=\"s9\">\u2022 <\/span><span class=\"s8\">utilizar datos falsos o de terceros sin autorizaci\u00f3n <\/span><\/div><div class=\"s11\"><span class=\"s9\">\u2022 <\/span><span class=\"s8\">interferir en el funcionamiento de la Plataforma <\/span><\/div><p><span class=\"s8\">A<\/span><span class=\"s8\">EROPUERTOS ARGENTINA<\/span><span class=\"s8\"> podr\u00e1 suspender o bloquear usuarios ante incumplimientos.<\/span><\/p><p class=\"s7\"><span class=\"s6\">1<\/span><span class=\"s6\">6<\/span><span class=\"s6\">. Protecci\u00f3n de datos personales<\/span><\/p><p class=\"s7\"><span class=\"s8\">Los datos personales ser\u00e1n tratados conforme la normativa vigente y la pol\u00edtica de privacidad de <\/span><span class=\"s8\">AEROPUERTOS ARGENTINA.<\/span><\/p><p class=\"s7\"><span class=\"s6\">1<\/span><span class=\"s6\">7<\/span><span class=\"s6\">. Ley aplicable y jurisdicci\u00f3n<\/span><\/p><p class=\"s7\"><span class=\"s8\">Los presentes T\u00e9rminos se regir\u00e1n por las leyes de la Rep\u00fablica Argentina.<\/span><span class=\"s8\"><br \/><\/span><span class=\"s8\">Cualquier controversia ser\u00e1 sometida a los tribunales competentes en materia de consumo.<\/span><\/p><p class=\"s4\"><span class=\"s2\">1<\/span><span class=\"s2\">8<\/span><span class=\"s2\">. Aceptaci\u00f3n<\/span><\/p><p class=\"s4\"><span class=\"s5\">El acceso y participaci\u00f3n en el Evento implica la aceptaci\u00f3n plena y sin reservas de los presentes T\u00e9rminos y Condiciones.<\/span><\/p><p class=\"s4\"><span class=\"s5\">Si usted no est\u00e1 de acuerdo con estos T\u00e9rminos y Condiciones, no debe acceder ni utilizar la Tienda Online de Aeropuertos Argentina durante el Evento Hotsale 2026, ni efectuar compras o reservas relacionadas con dicha acci\u00f3n.<\/span><\/p><\/div>\n\t\t\t\t<\/div>\n\t\t\t\t\t\t\t\t<\/div>\n\t\t\t\t\t\t<\/div>\n\t\t\t\t<\/div>\n\t\t\t\t\t<\/div>\n\t\t\t\t<\/div>\n\t\t<div class=\"elementor-element elementor-element-382ce8a e-flex e-con-boxed e-con e-parent\" data-id=\"382ce8a\" data-element_type=\"container\" data-e-type=\"container\" data-settings=\"{&quot;background_background&quot;:&quot;classic&quot;}\">\n\t\t\t\t\t<div class=\"e-con-inner\">\n\t\t\t\t<div class=\"elementor-element elementor-element-3ef438f0 elementor-widget elementor-widget-spacer\" data-id=\"3ef438f0\" data-element_type=\"widget\" data-e-type=\"widget\" data-widget_type=\"spacer.default\">\n\t\t\t\t<div class=\"elementor-widget-container\">\n\t\t\t\t\t\t\t<div class=\"elementor-spacer\">\n\t\t\t<div class=\"elementor-spacer-inner\"><\/div>\n\t\t<\/div>\n\t\t\t\t\t\t<\/div>\n\t\t\t\t<\/div>\n\t\t\t\t\t<\/div>\n\t\t\t\t<\/div>\n\t\t\t\t<\/div>\n\t\t","protected":false},"excerpt":{"rendered":"<p>T\u00e9rminos y Condiciones Generales Los t\u00e9rminos y condiciones (en adelante los \u201cT\u00e9rminos y Condiciones\u201d) que se expresan a continuaci\u00f3n, rigen el acceso y uso que el Usuario le d\u00e9 a la Web de la tienda online de\u00a0Aeropuertos Argentina 2000 S.A. (en adelante \u201cWeb\u201d). Cualquier persona que no acepte estos t\u00e9rminos y condiciones generales, los cuales&hellip;<\/p>\n","protected":false},"author":34,"featured_media":0,"parent":0,"menu_order":0,"comment_status":"closed","ping_status":"closed","template":"","meta":{"_acf_changed":false,"footnotes":""},"class_list":["post-64030","page","type-page","status-publish","hentry"],"acf":[],"_links":{"self":[{"href":"https:\/\/tienda.aeropuertosargentina.com\/bariloche\/wp-json\/wp\/v2\/pages\/64030","targetHints":{"allow":["GET"]}}],"collection":[{"href":"https:\/\/tienda.aeropuertosargentina.com\/bariloche\/wp-json\/wp\/v2\/pages"}],"about":[{"href":"https:\/\/tienda.aeropuertosargentina.com\/bariloche\/wp-json\/wp\/v2\/types\/page"}],"author":[{"embeddable":true,"href":"https:\/\/tienda.aeropuertosargentina.com\/bariloche\/wp-json\/wp\/v2\/users\/34"}],"replies":[{"embeddable":true,"href":"https:\/\/tienda.aeropuertosargentina.com\/bariloche\/wp-json\/wp\/v2\/comments?post=64030"}],"version-history":[{"count":3,"href":"https:\/\/tienda.aeropuertosargentina.com\/bariloche\/wp-json\/wp\/v2\/pages\/64030\/revisions"}],"predecessor-version":[{"id":76864,"href":"https:\/\/tienda.aeropuertosargentina.com\/bariloche\/wp-json\/wp\/v2\/pages\/64030\/revisions\/76864"}],"wp:attachment":[{"href":"https:\/\/tienda.aeropuertosargentina.com\/bariloche\/wp-json\/wp\/v2\/media?parent=64030"}],"curies":[{"name":"wp","href":"https:\/\/api.w.org\/{rel}","templated":true}]}}