{"id":64358,"date":"2025-01-06T08:48:05","date_gmt":"2025-01-06T11:48:05","guid":{"rendered":"https:\/\/tienda.aeropuertosargentina.com\/bariloche\/?post_type=product&#038;p=64358"},"modified":"2026-03-31T12:36:56","modified_gmt":"2026-03-31T15:36:56","slug":"cafe-con-leche-y-2-medialunas","status":"publish","type":"product","link":"https:\/\/tienda.aeropuertosargentina.com\/bariloche\/producto\/cafe-con-leche-y-2-medialunas\/","title":{"rendered":"Caf\u00e9 con leche y 2 medialunas"},"content":{"rendered":"<p><strong data-start=\"81\" data-end=\"180\">\u00a1Disfrut\u00e1 de un caf\u00e9 con leche doble acompa\u00f1ado de 2 riqu\u00edsimas medialunas ba\u00f1adas con alm\u00edbar!<\/strong><br data-start=\"180\" data-end=\"183\" \/>Una opci\u00f3n ideal para hacer una pausa deliciosa durante tu paso por el aeropuerto.<\/p>\n","protected":false},"excerpt":{"rendered":"<p><strong data-start=\"81\" data-end=\"180\">\u00a1Disfrut\u00e1 de un caf\u00e9 con leche doble acompa\u00f1ado de 2 riqu\u00edsimas medialunas ba\u00f1adas con alm\u00edbar!<\/strong><br data-start=\"180\" data-end=\"183\" \/>Una opci\u00f3n ideal para hacer una pausa deliciosa durante tu paso por el aeropuerto.<\/p>\n<p>&nbsp;<\/p>\n","protected":false},"featured_media":64408,"template":"","meta":{"_acf_changed":false,"_iconic_wsb_product_page_order_bump_ids":[[]],"_sku":[],"_iconic_wsb_product_page_bump_modal_ids":[[]]},"product_brand":[],"product_cat":[325],"product_tag":[],"class_list":{"0":"post-64358","1":"product","2":"type-product","3":"status-publish","4":"has-post-thumbnail","6":"product_cat-gastronomia","7":"description-off","9":"first","10":"instock","11":"shipping-taxable","12":"purchasable","13":"product-type-simple"},"acf":[],"_links":{"self":[{"href":"https:\/\/tienda.aeropuertosargentina.com\/bariloche\/wp-json\/wp\/v2\/product\/64358","targetHints":{"allow":["GET"]}}],"collection":[{"href":"https:\/\/tienda.aeropuertosargentina.com\/bariloche\/wp-json\/wp\/v2\/product"}],"about":[{"href":"https:\/\/tienda.aeropuertosargentina.com\/bariloche\/wp-json\/wp\/v2\/types\/product"}],"wp:featuredmedia":[{"embeddable":true,"href":"https:\/\/tienda.aeropuertosargentina.com\/bariloche\/wp-json\/wp\/v2\/media\/64408"}],"wp:attachment":[{"href":"https:\/\/tienda.aeropuertosargentina.com\/bariloche\/wp-json\/wp\/v2\/media?parent=64358"}],"wp:term":[{"taxonomy":"product_brand","embeddable":true,"href":"https:\/\/tienda.aeropuertosargentina.com\/bariloche\/wp-json\/wp\/v2\/product_brand?post=64358"},{"taxonomy":"product_cat","embeddable":true,"href":"https:\/\/tienda.aeropuertosargentina.com\/bariloche\/wp-json\/wp\/v2\/product_cat?post=64358"},{"taxonomy":"product_tag","embeddable":true,"href":"https:\/\/tienda.aeropuertosargentina.com\/bariloche\/wp-json\/wp\/v2\/product_tag?post=64358"}],"curies":[{"name":"wp","href":"https:\/\/api.w.org\/{rel}","templated":true}]}}