{"id":503050,"date":"2026-04-29T11:28:38","date_gmt":"2026-04-29T14:28:38","guid":{"rendered":"https:\/\/tienda.aeropuertosargentina.com\/ezeiza\/?post_type=product&#038;p=503050"},"modified":"2026-05-11T00:00:18","modified_gmt":"2026-05-11T03:00:18","slug":"antifaz-de-viaje","status":"publish","type":"product","link":"https:\/\/tienda.aeropuertosargentina.com\/ezeiza\/producto\/antifaz-de-viaje\/","title":{"rendered":"Antifaz de Viaje"},"content":{"rendered":"","protected":false},"excerpt":{"rendered":"<div style=\"background-color: #f2f4f5;padding: 20px;border-radius: 6px;font-family: Arial, Helvetica, sans-serif;color: #000;max-width: 700px\">\n<h4 style=\"font-size: 18px;font-weight: bold;margin: 0 0 5px 0\">\ud83d\udd25HOT SALE\ud83d\udd25<\/h4>\n<p style=\"margin: 0 0 0 0;font-size: 16px;line-height: 1.2;color: #2c8c95\"><strong>25% OFF<\/strong> EXTRA YA APLICADO EN EL PRECIO DEL PRODUCTO<\/p>\n<\/div>\n<h2 data-start=\"0\" data-end=\"247\">Antifaz de Viaje \u2013 25% OFF<\/h2>\n<p data-start=\"0\" data-end=\"247\"><strong>Descans\u00e1 mejor durante tu viaje, est\u00e9s donde est\u00e9s.<\/strong><br data-start=\"80\" data-end=\"83\" \/>Aprovech\u00e1 un 25% de descuento en el antifaz de viaje y disfrut\u00e1 de un descanso c\u00f3modo y sin interrupciones. Ideal para vuelos, traslados o esperas en el aeropuerto.<\/p>\n<h3 data-start=\"249\" data-end=\"477\">Beneficios<\/h3>\n<p data-start=\"249\" data-end=\"477\">\u2022 <strong>Bloqueo de luz:<\/strong> ayuda a reducir la luz ambiental para un descanso m\u00e1s profundo.<br data-start=\"343\" data-end=\"346\" \/>\u2022 <strong>Dise\u00f1o c\u00f3modo:<\/strong> se adapta suavemente al rostro sin generar presi\u00f3n.<br data-start=\"414\" data-end=\"417\" \/>\u2022 <strong>Material suave:<\/strong> ideal para usar durante largos per\u00edodos.<\/p>\n<h3 data-start=\"479\" data-end=\"609\">Informaci\u00f3n<\/h3>\n<p data-start=\"479\" data-end=\"609\">\u2022 Present\u00e1 el mail de confirmaci\u00f3n de compra en los puntos de Tripstore ubicados en planta baja, \u00e1rea de check-in.<\/p>\n<p data-start=\"611\" data-end=\"655\" data-is-last-node=\"\" data-is-only-node=\"\"><strong>Realiz\u00e1 tu compra online y viaj\u00e1 m\u00e1s c\u00f3modo.<\/strong><\/p>\n","protected":false},"featured_media":506757,"template":"","meta":{"_acf_changed":false,"_iconic_wsb_product_page_order_bump_ids":[[]],"_sku":[],"_iconic_wsb_product_page_bump_modal_ids":[[]]},"product_brand":[],"product_cat":[323],"product_tag":[],"class_list":{"0":"post-503050","1":"product","2":"type-product","3":"status-publish","4":"has-post-thumbnail","6":"product_cat-accesorios","7":"description-off","9":"first","10":"instock","11":"sale","12":"virtual","13":"purchasable","14":"product-type-simple"},"acf":[],"_links":{"self":[{"href":"https:\/\/tienda.aeropuertosargentina.com\/ezeiza\/wp-json\/wp\/v2\/product\/503050","targetHints":{"allow":["GET"]}}],"collection":[{"href":"https:\/\/tienda.aeropuertosargentina.com\/ezeiza\/wp-json\/wp\/v2\/product"}],"about":[{"href":"https:\/\/tienda.aeropuertosargentina.com\/ezeiza\/wp-json\/wp\/v2\/types\/product"}],"wp:featuredmedia":[{"embeddable":true,"href":"https:\/\/tienda.aeropuertosargentina.com\/ezeiza\/wp-json\/wp\/v2\/media\/506757"}],"wp:attachment":[{"href":"https:\/\/tienda.aeropuertosargentina.com\/ezeiza\/wp-json\/wp\/v2\/media?parent=503050"}],"wp:term":[{"taxonomy":"product_brand","embeddable":true,"href":"https:\/\/tienda.aeropuertosargentina.com\/ezeiza\/wp-json\/wp\/v2\/product_brand?post=503050"},{"taxonomy":"product_cat","embeddable":true,"href":"https:\/\/tienda.aeropuertosargentina.com\/ezeiza\/wp-json\/wp\/v2\/product_cat?post=503050"},{"taxonomy":"product_tag","embeddable":true,"href":"https:\/\/tienda.aeropuertosargentina.com\/ezeiza\/wp-json\/wp\/v2\/product_tag?post=503050"}],"curies":[{"name":"wp","href":"https:\/\/api.w.org\/{rel}","templated":true}]}}