{"id":503068,"date":"2026-04-29T11:50:30","date_gmt":"2026-04-29T14:50:30","guid":{"rendered":"https:\/\/tienda.aeropuertosargentina.com\/ezeiza\/?post_type=product&#038;p=503068"},"modified":"2026-05-11T00:00:17","modified_gmt":"2026-05-11T03:00:17","slug":"identificador-de-equipaje","status":"publish","type":"product","link":"https:\/\/tienda.aeropuertosargentina.com\/ezeiza\/producto\/identificador-de-equipaje\/","title":{"rendered":"Identificador de Equipaje"},"content":{"rendered":"","protected":false},"excerpt":{"rendered":"<div style=\"background-color: #f2f4f5;padding: 20px;border-radius: 6px;font-family: Arial, Helvetica, sans-serif;color: #000;max-width: 700px\">\n<h4 style=\"font-size: 18px;font-weight: bold;margin: 0 0 5px 0\">\ud83d\udd25HOT SALE\ud83d\udd25<\/h4>\n<p style=\"margin: 0 0 0 0;font-size: 16px;line-height: 1.2;color: #2c8c95\"><strong>25% OFF<\/strong> EXTRA YA APLICADO EN EL PRECIO DEL PRODUCTO<\/p>\n<\/div>\n<h2 data-start=\"0\" data-end=\"235\">Identificador de Equipaje \u2013 25% OFF<\/h2>\n<p data-start=\"0\" data-end=\"235\"><strong>Reconoc\u00e9 tu valija de forma r\u00e1pida y segura.<\/strong><br data-start=\"82\" data-end=\"85\" \/>Aprovech\u00e1 un 25% de descuento en el identificador de equipaje y viaj\u00e1 con mayor tranquilidad sabiendo que pod\u00e9s localizar tus pertenencias f\u00e1cilmente.<\/p>\n<h3 data-start=\"237\" data-end=\"484\">Beneficios<\/h3>\n<p data-start=\"237\" data-end=\"484\">\u2022<strong> F\u00e1cil identificaci\u00f3n:<\/strong> destac\u00e1 tu equipaje en la cinta de retiro.<br data-start=\"316\" data-end=\"319\" \/>\u2022 <strong>Dise\u00f1o resistente:<\/strong> material duradero para acompa\u00f1arte en todos tus viajes.<br data-start=\"395\" data-end=\"398\" \/>\u2022 <strong>Datos protegidos:<\/strong> espacio para incluir tu informaci\u00f3n de contacto de forma segura.<\/p>\n<h3 data-start=\"486\" data-end=\"616\">Informaci\u00f3n<\/h3>\n<p data-start=\"486\" data-end=\"616\">\u2022 Present\u00e1 el mail de confirmaci\u00f3n de compra en los puntos de Tripstore ubicados en planta baja, \u00e1rea de check-in.<\/p>\n<p data-start=\"618\" data-end=\"670\" data-is-last-node=\"\" data-is-only-node=\"\"><strong>Realiz\u00e1 tu compra online y viaj\u00e1 sin preocupaciones.<\/strong><\/p>\n","protected":false},"featured_media":506760,"template":"","meta":{"_acf_changed":false,"_iconic_wsb_product_page_order_bump_ids":[[]],"_sku":[],"_iconic_wsb_product_page_bump_modal_ids":[[]]},"product_brand":[],"product_cat":[323],"product_tag":[],"class_list":{"0":"post-503068","1":"product","2":"type-product","3":"status-publish","4":"has-post-thumbnail","6":"product_cat-accesorios","7":"description-off","9":"first","10":"instock","11":"sale","12":"virtual","13":"purchasable","14":"product-type-simple"},"acf":[],"_links":{"self":[{"href":"https:\/\/tienda.aeropuertosargentina.com\/ezeiza\/wp-json\/wp\/v2\/product\/503068","targetHints":{"allow":["GET"]}}],"collection":[{"href":"https:\/\/tienda.aeropuertosargentina.com\/ezeiza\/wp-json\/wp\/v2\/product"}],"about":[{"href":"https:\/\/tienda.aeropuertosargentina.com\/ezeiza\/wp-json\/wp\/v2\/types\/product"}],"wp:featuredmedia":[{"embeddable":true,"href":"https:\/\/tienda.aeropuertosargentina.com\/ezeiza\/wp-json\/wp\/v2\/media\/506760"}],"wp:attachment":[{"href":"https:\/\/tienda.aeropuertosargentina.com\/ezeiza\/wp-json\/wp\/v2\/media?parent=503068"}],"wp:term":[{"taxonomy":"product_brand","embeddable":true,"href":"https:\/\/tienda.aeropuertosargentina.com\/ezeiza\/wp-json\/wp\/v2\/product_brand?post=503068"},{"taxonomy":"product_cat","embeddable":true,"href":"https:\/\/tienda.aeropuertosargentina.com\/ezeiza\/wp-json\/wp\/v2\/product_cat?post=503068"},{"taxonomy":"product_tag","embeddable":true,"href":"https:\/\/tienda.aeropuertosargentina.com\/ezeiza\/wp-json\/wp\/v2\/product_tag?post=503068"}],"curies":[{"name":"wp","href":"https:\/\/api.w.org\/{rel}","templated":true}]}}