{"id":507655,"date":"2026-05-11T12:27:51","date_gmt":"2026-05-11T15:27:51","guid":{"rendered":"https:\/\/tienda.aeropuertosargentina.com\/ezeiza\/?post_type=product&#038;p=507655"},"modified":"2026-05-11T12:54:48","modified_gmt":"2026-05-11T15:54:48","slug":"identificador-de-viaje-schkon","status":"publish","type":"product","link":"https:\/\/tienda.aeropuertosargentina.com\/ezeiza\/producto\/identificador-de-viaje-schkon\/","title":{"rendered":"Identificador de viaje Schkon"},"content":{"rendered":"","protected":false},"excerpt":{"rendered":"<div style=\"background-color: #f2f4f5;padding: 20px;border-radius: 6px;font-family: Arial, Helvetica, sans-serif;color: #000;max-width: 700px\">\n<h4 style=\"font-size: 18px;font-weight: bold;margin: 0 0 5px 0\">\ud83d\udd25HOT SALE\ud83d\udd25<\/h4>\n<p style=\"margin: 0 0 0 0;font-size: 16px;line-height: 1.2;color: #2c8c95\"><strong>20% OFF<\/strong> EXTRA YA APLICADO EN EL PRECIO DEL PRODUCTO<\/p>\n<\/div>\n<h2><strong>Identificador de viaje Schkon \u2013 20% OFF<\/strong><\/h2>\n<p><strong>Destac\u00e1 tu valija entre todas!<br \/>\n<\/strong>Aprovech\u00e1 un 20% de descuento en el identificador de valija Sckon.<\/p>\n<h3>Informaci\u00f3n<\/h3>\n<p>Present\u00e1 el mail de confirmaci\u00f3n de compra en los locales de Open 25:<\/p>\n<ul>\n<li>Local<strong> 333<\/strong> (NTP, sector E)<\/li>\n<li>Local <strong>172<\/strong> (Preembarque Inter, frente a puerta 16)<\/li>\n<li>Local <strong>209 <\/strong>(Preembarque Inter frente a puerta 9)<\/li>\n<\/ul>\n<p><strong>Realiz\u00e1 tu compra online y viaj\u00e1 siempre con energ\u00eda.<\/strong><\/p>\n","protected":false},"featured_media":507700,"template":"","meta":{"_acf_changed":false,"_iconic_wsb_product_page_order_bump_ids":[[]],"_sku":[],"_iconic_wsb_product_page_bump_modal_ids":[[]]},"product_brand":[],"product_cat":[323],"product_tag":[],"class_list":{"0":"post-507655","1":"product","2":"type-product","3":"status-publish","4":"has-post-thumbnail","6":"product_cat-accesorios","7":"description-off","9":"first","10":"instock","11":"sale","12":"virtual","13":"purchasable","14":"product-type-simple"},"acf":[],"_links":{"self":[{"href":"https:\/\/tienda.aeropuertosargentina.com\/ezeiza\/wp-json\/wp\/v2\/product\/507655","targetHints":{"allow":["GET"]}}],"collection":[{"href":"https:\/\/tienda.aeropuertosargentina.com\/ezeiza\/wp-json\/wp\/v2\/product"}],"about":[{"href":"https:\/\/tienda.aeropuertosargentina.com\/ezeiza\/wp-json\/wp\/v2\/types\/product"}],"wp:featuredmedia":[{"embeddable":true,"href":"https:\/\/tienda.aeropuertosargentina.com\/ezeiza\/wp-json\/wp\/v2\/media\/507700"}],"wp:attachment":[{"href":"https:\/\/tienda.aeropuertosargentina.com\/ezeiza\/wp-json\/wp\/v2\/media?parent=507655"}],"wp:term":[{"taxonomy":"product_brand","embeddable":true,"href":"https:\/\/tienda.aeropuertosargentina.com\/ezeiza\/wp-json\/wp\/v2\/product_brand?post=507655"},{"taxonomy":"product_cat","embeddable":true,"href":"https:\/\/tienda.aeropuertosargentina.com\/ezeiza\/wp-json\/wp\/v2\/product_cat?post=507655"},{"taxonomy":"product_tag","embeddable":true,"href":"https:\/\/tienda.aeropuertosargentina.com\/ezeiza\/wp-json\/wp\/v2\/product_tag?post=507655"}],"curies":[{"name":"wp","href":"https:\/\/api.w.org\/{rel}","templated":true}]}}